{"id":266,"date":"2026-04-04T20:40:38","date_gmt":"2026-04-04T20:40:38","guid":{"rendered":"https:\/\/ficcunha.com.br\/oficinas\/?post_type=product&#038;p=266"},"modified":"2026-04-24T17:15:30","modified_gmt":"2026-04-24T17:15:30","slug":"construcao-de-moldes-em-gesso-1-2-e-3-partes-introducao-a-barbotina","status":"publish","type":"product","link":"https:\/\/ficcunha.com.br\/oficinas\/product\/construcao-de-moldes-em-gesso-1-2-e-3-partes-introducao-a-barbotina\/","title":{"rendered":"Constru\u00e7\u00e3o de Moldes em Gesso: 1, 2 e 3 partes + introdu\u00e7\u00e3o \u00e0 barbotina"},"content":{"rendered":"<p>Oficina pr\u00e1tica voltada \u00e0 constru\u00e7\u00e3o de moldes em gesso para uso cer\u00e2mico, abordando moldes de uma, duas e tr\u00eas partes. O conte\u00fado ser\u00e1 desenvolvido ao longo de dois dias e meio de trabalho, com carga hor\u00e1ria de 8 horas por dia.<\/p>\n<p>No primeiro dia, ser\u00e3o apresentados os fundamentos do processo: an\u00e1lise da pe\u00e7a modelo, defini\u00e7\u00e3o de linhas de parti\u00e7\u00e3o, planejamento do molde e constru\u00e7\u00e3o de caixas de conten\u00e7\u00e3o. Em seguida, ser\u00e1 realizada a prepara\u00e7\u00e3o do gesso, com \u00eanfase em propor\u00e7\u00e3o \u00e1gua\/gesso, tempo de trabalho, ponto de vazamento e controle de presa. Ser\u00e3o executados moldes de uma e duas partes, incluindo cria\u00e7\u00e3o de chaves de encaixe e cuidados para evitar travamentos e bolhas.<\/p>\n<p>No segundo dia, o foco ser\u00e1 a execu\u00e7\u00e3o de moldes de tr\u00eas partes, com maior complexidade de leitura da forma, planejamento das divis\u00f5es e precis\u00e3o no alinhamento das partes. Ser\u00e3o abordados tamb\u00e9m acabamentos, corre\u00e7\u00f5es, limpeza das pe\u00e7as e organiza\u00e7\u00e3o do espa\u00e7o de trabalho.<\/p>\n<p>A oficina inclui orienta\u00e7\u00f5es sobre reaproveitamento de mat\u00e9ria-prima e pr\u00e1ticas de reciclagem no processo, como o manejo adequado de sobras de gesso ainda n\u00e3o contaminadas, descarte correto de res\u00edduos e otimiza\u00e7\u00e3o do uso dos materiais para reduzir perdas.<\/p>\n<p>Haver\u00e1 uma demonstra\u00e7\u00e3o do uso do molde com barbotina, apresentando o princ\u00edpio de funcionamento: absor\u00e7\u00e3o de \u00e1gua pelo gesso, forma\u00e7\u00e3o de parede cer\u00e2mica, controle de espessura pelo tempo de perman\u00eancia e etapas de esvaziamento e desmolde.<\/p>\n<p>J\u00e1 no terceiro dia, finalizaremos os moldes, veremos todas as suas etapas de produ\u00e7\u00e3o, desde a aplica\u00e7\u00e3o da barbotina at\u00e9 os acabamentos que antecedem as queimas.<\/p>\n<p>Todos os materiais est\u00e3o inclusos. Cada participante produzir\u00e1 seus pr\u00f3prios moldes ao longo da oficina.<\/p>\n","protected":false},"excerpt":{"rendered":"<p>Oficina pr\u00e1tica voltada \u00e0 constru\u00e7\u00e3o de moldes em gesso para uso cer\u00e2mico, abordando moldes de uma, duas e tr\u00eas partes. O conte\u00fado ser\u00e1 desenvolvido ao longo de dois dias e meio de trabalho, com carga hor\u00e1ria de 8 horas por dia. No primeiro dia, ser\u00e3o apresentados os fundamentos do processo: an\u00e1lise da pe\u00e7a modelo, defini\u00e7\u00e3o [&hellip;]<\/p>\n","protected":false},"featured_media":356,"comment_status":"open","ping_status":"closed","template":"","meta":{"_acf_changed":false,"inline_featured_image":false},"product_brand":[],"product_cat":[44,42],"product_tag":[],"class_list":{"0":"post-266","1":"product","2":"type-product","3":"status-publish","4":"has-post-thumbnail","6":"product_cat-avancado","7":"product_cat-iniciante","9":"first","10":"instock","11":"downloadable","12":"virtual","13":"purchasable","14":"product-type-simple"},"acf":{"data_de_inicio":"20260605","data_de_termino":"20260607","horario_de_inicio":"09:00:00","horario_de_termino":"17:00:00","observacoes_datas":"05\/06 e 06\/06 - 9h as 17h\r\n07\/06 - das 9h as 14h","duracao":"2 dias e meio","requisitos":"Maior de 18 anos.","nome_do_endereco":"Casa do Lago - Deck externo","rua":"R. Jos\u00e9 Arantes Filho","numero":86,"bairro":"Vila Rica","link_google_maps":"https:\/\/maps.app.goo.gl\/dMopeWyFP56Vk6dr9","facilitador":[225],"observacoes_oficina":""},"aioseo_notices":[],"_links":{"self":[{"href":"https:\/\/ficcunha.com.br\/oficinas\/wp-json\/wp\/v2\/product\/266","targetHints":{"allow":["GET"]}}],"collection":[{"href":"https:\/\/ficcunha.com.br\/oficinas\/wp-json\/wp\/v2\/product"}],"about":[{"href":"https:\/\/ficcunha.com.br\/oficinas\/wp-json\/wp\/v2\/types\/product"}],"replies":[{"embeddable":true,"href":"https:\/\/ficcunha.com.br\/oficinas\/wp-json\/wp\/v2\/comments?post=266"}],"acf:post":[{"embeddable":true,"href":"https:\/\/ficcunha.com.br\/oficinas\/wp-json\/wp\/v2\/facilitador\/225"}],"wp:featuredmedia":[{"embeddable":true,"href":"https:\/\/ficcunha.com.br\/oficinas\/wp-json\/wp\/v2\/media\/356"}],"wp:attachment":[{"href":"https:\/\/ficcunha.com.br\/oficinas\/wp-json\/wp\/v2\/media?parent=266"}],"wp:term":[{"taxonomy":"product_brand","embeddable":true,"href":"https:\/\/ficcunha.com.br\/oficinas\/wp-json\/wp\/v2\/product_brand?post=266"},{"taxonomy":"product_cat","embeddable":true,"href":"https:\/\/ficcunha.com.br\/oficinas\/wp-json\/wp\/v2\/product_cat?post=266"},{"taxonomy":"product_tag","embeddable":true,"href":"https:\/\/ficcunha.com.br\/oficinas\/wp-json\/wp\/v2\/product_tag?post=266"}],"curies":[{"name":"wp","href":"https:\/\/api.w.org\/{rel}","templated":true}]}}