{"id":268,"date":"2026-04-04T20:48:59","date_gmt":"2026-04-04T20:48:59","guid":{"rendered":"https:\/\/ficcunha.com.br\/oficinas\/?post_type=product&#038;p=268"},"modified":"2026-04-23T21:02:30","modified_gmt":"2026-04-23T21:02:30","slug":"tour-guiado-pelo-atelie-suenaga-jardineiro","status":"publish","type":"product","link":"https:\/\/ficcunha.com.br\/oficinas\/product\/tour-guiado-pelo-atelie-suenaga-jardineiro\/","title":{"rendered":"Tour guiado pelo Ateli\u00ea Suenaga &amp; Jardineiro"},"content":{"rendered":"<p>Tour pelo atelier Suenaga &amp; Jardineiro, mostrando a produ\u00e7\u00e3o da argila, area de modelagem, esmalta\u00e7\u00e3o, funcionamento do forno etc.<\/p>\n","protected":false},"excerpt":{"rendered":"<p>Tour pelo atelier Suenaga &amp; Jardineiro, mostrando a produ\u00e7\u00e3o da argila, area de modelagem, esmalta\u00e7\u00e3o, funcionamento do forno etc.<\/p>\n","protected":false},"featured_media":269,"comment_status":"open","ping_status":"closed","template":"","meta":{"_acf_changed":false,"inline_featured_image":false},"product_brand":[],"product_cat":[42,49],"product_tag":[],"class_list":{"0":"post-268","1":"product","2":"type-product","3":"status-publish","4":"has-post-thumbnail","6":"product_cat-iniciante","7":"product_cat-publico-geral","9":"first","10":"instock","11":"downloadable","12":"virtual","13":"purchasable","14":"product-type-simple"},"acf":{"data_de_inicio":"20260602","data_de_termino":null,"horario_de_inicio":"14:00:00","horario_de_termino":"15:00:00","observacoes_datas":"","duracao":"1 hora","requisitos":"Nenhum","nome_do_endereco":"Ateli\u00ea Suenaga &amp; Jardineiro","rua":"R. Dr. Paulo Jarbas da Silva","numero":150,"bairro":"Mantiqueira","link_google_maps":"https:\/\/maps.app.goo.gl\/edPrNm6pAbnHDPEk6","facilitador":[226],"observacoes_oficina":"Entrada Aberta"},"aioseo_notices":[],"_links":{"self":[{"href":"https:\/\/ficcunha.com.br\/oficinas\/wp-json\/wp\/v2\/product\/268","targetHints":{"allow":["GET"]}}],"collection":[{"href":"https:\/\/ficcunha.com.br\/oficinas\/wp-json\/wp\/v2\/product"}],"about":[{"href":"https:\/\/ficcunha.com.br\/oficinas\/wp-json\/wp\/v2\/types\/product"}],"replies":[{"embeddable":true,"href":"https:\/\/ficcunha.com.br\/oficinas\/wp-json\/wp\/v2\/comments?post=268"}],"acf:post":[{"embeddable":true,"href":"https:\/\/ficcunha.com.br\/oficinas\/wp-json\/wp\/v2\/facilitador\/226"}],"wp:featuredmedia":[{"embeddable":true,"href":"https:\/\/ficcunha.com.br\/oficinas\/wp-json\/wp\/v2\/media\/269"}],"wp:attachment":[{"href":"https:\/\/ficcunha.com.br\/oficinas\/wp-json\/wp\/v2\/media?parent=268"}],"wp:term":[{"taxonomy":"product_brand","embeddable":true,"href":"https:\/\/ficcunha.com.br\/oficinas\/wp-json\/wp\/v2\/product_brand?post=268"},{"taxonomy":"product_cat","embeddable":true,"href":"https:\/\/ficcunha.com.br\/oficinas\/wp-json\/wp\/v2\/product_cat?post=268"},{"taxonomy":"product_tag","embeddable":true,"href":"https:\/\/ficcunha.com.br\/oficinas\/wp-json\/wp\/v2\/product_tag?post=268"}],"curies":[{"name":"wp","href":"https:\/\/api.w.org\/{rel}","templated":true}]}}