{"id":270,"date":"2026-04-04T20:56:21","date_gmt":"2026-04-04T20:56:21","guid":{"rendered":"https:\/\/ficcunha.com.br\/oficinas\/?post_type=product&#038;p=270"},"modified":"2026-04-24T00:09:42","modified_gmt":"2026-04-24T00:09:42","slug":"esmaltacao-criativa-explore-diferentes-possibilidades-decorativas-com-esmaltes","status":"publish","type":"product","link":"https:\/\/ficcunha.com.br\/oficinas\/product\/esmaltacao-criativa-explore-diferentes-possibilidades-decorativas-com-esmaltes\/","title":{"rendered":"Esmalta\u00e7\u00e3o Criativa: Explore diferentes possibilidades decorativas com esmaltes"},"content":{"rendered":"<p>Um workshop demonstrativo e pr\u00e1tico voltado para quem deseja expandir o repert\u00f3rio na esmalta\u00e7\u00e3o cer\u00e2mica, explorando diferentes formas de aplica\u00e7\u00e3o e sobreposi\u00e7\u00e3o.<\/p>\n<p>Ao longo do encontro, ser\u00e3o apresentadas abordagens que permitem criar efeitos variados com esmaltes, resultando em composi\u00e7\u00f5es \u00fanicas e experimentais.<\/p>\n<p>O workshop come\u00e7a com demonstra\u00e7\u00f5es t\u00e9cnicas, seguidas por um momento de pr\u00e1tica orientada, em que cada participante poder\u00e1 aplicar os conhecimentos com acompanhamento pr\u00f3ximo e orienta\u00e7\u00f5es individuais.<\/p>\n<p>Est\u00e3o inclu\u00eddas tr\u00eas pe\u00e7as biscoitadas para experimenta\u00e7\u00e3o, todos os materiais necess\u00e1rios para a pr\u00e1tica, um book exclusivo da Casa do Ceramista e brindes especiais.<\/p>\n<p>As pe\u00e7as n\u00e3o ser\u00e3o queimadas durante o evento. Ao final, os participantes receber\u00e3o orienta\u00e7\u00f5es sobre como embalar e transportar as pe\u00e7as esmaltadas com seguran\u00e7a.<\/p>\n","protected":false},"excerpt":{"rendered":"<p>Um workshop demonstrativo e pr\u00e1tico voltado para quem deseja expandir o repert\u00f3rio na esmalta\u00e7\u00e3o cer\u00e2mica, explorando diferentes formas de aplica\u00e7\u00e3o e sobreposi\u00e7\u00e3o. Ao longo do encontro, ser\u00e3o apresentadas abordagens que permitem criar efeitos variados com esmaltes, resultando em composi\u00e7\u00f5es \u00fanicas e experimentais. O workshop come\u00e7a com demonstra\u00e7\u00f5es t\u00e9cnicas, seguidas por um momento de pr\u00e1tica orientada, [&hellip;]<\/p>\n","protected":false},"featured_media":361,"comment_status":"open","ping_status":"closed","template":"","meta":{"_acf_changed":false,"inline_featured_image":false},"product_brand":[],"product_cat":[42],"product_tag":[],"class_list":{"0":"post-270","1":"product","2":"type-product","3":"status-publish","4":"has-post-thumbnail","6":"product_cat-iniciante","8":"first","9":"instock","10":"downloadable","11":"virtual","12":"purchasable","13":"product-type-simple"},"acf":{"data_de_inicio":"20260602","data_de_termino":null,"horario_de_inicio":"14:00:00","horario_de_termino":"18:00:00","observacoes_datas":"","duracao":"1 dia","requisitos":"Nenhum","nome_do_endereco":"ICCC","rua":"Rua Zenaide F T Leite","numero":"","bairro":"Centro","link_google_maps":"https:\/\/maps.app.goo.gl\/YnX8bs2MTutA48fN7","facilitador":[227],"observacoes_oficina":""},"aioseo_notices":[],"_links":{"self":[{"href":"https:\/\/ficcunha.com.br\/oficinas\/wp-json\/wp\/v2\/product\/270","targetHints":{"allow":["GET"]}}],"collection":[{"href":"https:\/\/ficcunha.com.br\/oficinas\/wp-json\/wp\/v2\/product"}],"about":[{"href":"https:\/\/ficcunha.com.br\/oficinas\/wp-json\/wp\/v2\/types\/product"}],"replies":[{"embeddable":true,"href":"https:\/\/ficcunha.com.br\/oficinas\/wp-json\/wp\/v2\/comments?post=270"}],"acf:post":[{"embeddable":true,"href":"https:\/\/ficcunha.com.br\/oficinas\/wp-json\/wp\/v2\/facilitador\/227"}],"wp:featuredmedia":[{"embeddable":true,"href":"https:\/\/ficcunha.com.br\/oficinas\/wp-json\/wp\/v2\/media\/361"}],"wp:attachment":[{"href":"https:\/\/ficcunha.com.br\/oficinas\/wp-json\/wp\/v2\/media?parent=270"}],"wp:term":[{"taxonomy":"product_brand","embeddable":true,"href":"https:\/\/ficcunha.com.br\/oficinas\/wp-json\/wp\/v2\/product_brand?post=270"},{"taxonomy":"product_cat","embeddable":true,"href":"https:\/\/ficcunha.com.br\/oficinas\/wp-json\/wp\/v2\/product_cat?post=270"},{"taxonomy":"product_tag","embeddable":true,"href":"https:\/\/ficcunha.com.br\/oficinas\/wp-json\/wp\/v2\/product_tag?post=270"}],"curies":[{"name":"wp","href":"https:\/\/api.w.org\/{rel}","templated":true}]}}