{"id":275,"date":"2026-04-04T22:22:53","date_gmt":"2026-04-04T22:22:53","guid":{"rendered":"https:\/\/ficcunha.com.br\/oficinas\/?post_type=product&#038;p=275"},"modified":"2026-04-23T20:19:51","modified_gmt":"2026-04-23T20:19:51","slug":"queima-redutora-de-oxigenio-queima-mexicana","status":"publish","type":"product","link":"https:\/\/ficcunha.com.br\/oficinas\/product\/queima-redutora-de-oxigenio-queima-mexicana\/","title":{"rendered":"Queima redutora de \u00f3xigenio (queima mexicana)"},"content":{"rendered":"<p>Minha proposta \u00e9 mostrar a cer\u00e2mica negra, um efeito que \u00e9 bem pouco conhecido e explorado no brasil, muito confundido com Haku a queima de redu\u00e7\u00e3o passa por processos diferentes e revela resultados \u00fanicos, explorando o potencial dos engobes polidos com pedras de quartzo e queimas \u00e0 lenha.<\/p>\n","protected":false},"excerpt":{"rendered":"<p>Minha proposta \u00e9 mostrar a cer\u00e2mica negra, um efeito que \u00e9 bem pouco conhecido e explorado no brasil, muito confundido com Haku a queima de redu\u00e7\u00e3o passa por processos diferentes e revela resultados \u00fanicos, explorando o potencial dos engobes polidos com pedras de quartzo e queimas \u00e0 lenha.<\/p>\n","protected":false},"featured_media":365,"comment_status":"open","ping_status":"closed","template":"","meta":{"_acf_changed":false,"inline_featured_image":false},"product_brand":[],"product_cat":[43],"product_tag":[],"class_list":{"0":"post-275","1":"product","2":"type-product","3":"status-publish","4":"has-post-thumbnail","6":"product_cat-intermediario","8":"first","9":"outofstock","10":"downloadable","11":"virtual","12":"purchasable","13":"product-type-simple"},"acf":{"data_de_inicio":"20260606","data_de_termino":null,"horario_de_inicio":"10:00:00","horario_de_termino":"15:00:00","observacoes_datas":"","duracao":"1 dia","requisitos":"Nenhum","nome_do_endereco":"\u00c1rea de Queimas","rua":"Parque Lavap\u00e9s","numero":"","bairro":"Centro","link_google_maps":"https:\/\/maps.app.goo.gl\/t2L2k1CAfQjzWPiU9","facilitador":[233],"observacoes_oficina":""},"aioseo_notices":[],"_links":{"self":[{"href":"https:\/\/ficcunha.com.br\/oficinas\/wp-json\/wp\/v2\/product\/275","targetHints":{"allow":["GET"]}}],"collection":[{"href":"https:\/\/ficcunha.com.br\/oficinas\/wp-json\/wp\/v2\/product"}],"about":[{"href":"https:\/\/ficcunha.com.br\/oficinas\/wp-json\/wp\/v2\/types\/product"}],"replies":[{"embeddable":true,"href":"https:\/\/ficcunha.com.br\/oficinas\/wp-json\/wp\/v2\/comments?post=275"}],"acf:post":[{"embeddable":true,"href":"https:\/\/ficcunha.com.br\/oficinas\/wp-json\/wp\/v2\/facilitador\/233"}],"wp:featuredmedia":[{"embeddable":true,"href":"https:\/\/ficcunha.com.br\/oficinas\/wp-json\/wp\/v2\/media\/365"}],"wp:attachment":[{"href":"https:\/\/ficcunha.com.br\/oficinas\/wp-json\/wp\/v2\/media?parent=275"}],"wp:term":[{"taxonomy":"product_brand","embeddable":true,"href":"https:\/\/ficcunha.com.br\/oficinas\/wp-json\/wp\/v2\/product_brand?post=275"},{"taxonomy":"product_cat","embeddable":true,"href":"https:\/\/ficcunha.com.br\/oficinas\/wp-json\/wp\/v2\/product_cat?post=275"},{"taxonomy":"product_tag","embeddable":true,"href":"https:\/\/ficcunha.com.br\/oficinas\/wp-json\/wp\/v2\/product_tag?post=275"}],"curies":[{"name":"wp","href":"https:\/\/api.w.org\/{rel}","templated":true}]}}