{"id":279,"date":"2026-04-04T22:34:58","date_gmt":"2026-04-04T22:34:58","guid":{"rendered":"https:\/\/ficcunha.com.br\/oficinas\/?post_type=product&#038;p=279"},"modified":"2026-04-23T22:12:12","modified_gmt":"2026-04-23T22:12:12","slug":"esmaltes-de-cinzas","status":"publish","type":"product","link":"https:\/\/ficcunha.com.br\/oficinas\/product\/esmaltes-de-cinzas\/","title":{"rendered":"Esmaltes de Cinzas"},"content":{"rendered":"<p>Eleve o n\u00edvel da sua produ\u00e7\u00e3o cer\u00e2mica mergulhando na tradi\u00e7\u00e3o de Cunha. Nesta imers\u00e3o t\u00e9cnica e pr\u00e1tica, voc\u00ea vai dominar a alquimia dos esmaltes de cinzas para fornos a g\u00e1s de alta temperatura (1300\u00baC). Uma oportunidade rara de vivenciar o ciclo completo da cer\u00e2mica autoral, acompanhando desde a coleta das cinzas na natureza at\u00e9 a abertura do forno.<\/p>\n<p>O Ciclo de Aprendizado<\/p>\n<p>A Base: Coleta de materiais, formula\u00e7\u00e3o de esmaltes e qu\u00edmica b\u00e1sica das cinzas.<br \/>\nA Pr\u00e1tica: T\u00e9cnicas de esmalta\u00e7\u00e3o nas suas pr\u00f3prias pe\u00e7as.<br \/>\nO Fogo: Acompanhamento da queima a g\u00e1s a 1300\u00baC.<\/p>\n<p>Pr\u00e9-requisitos do Participante (O que trazer): Para aproveitar ao m\u00e1ximo, traga at\u00e9 10 pe\u00e7as j\u00e1 biscoitadas (tamanho m\u00e1x: 10x10x10 cm, ideais para copos ou tigelas). Aten\u00e7\u00e3o: \u00c9 obrigat\u00f3rio o uso de argilas de alta temperatura (suportem 1200\u00baC ou mais), como Branca Shiro, Marfim, Porcelana ou Gr\u00e9s Clara.<\/p>\n<p>Viva uma Imers\u00e3o Completa: Para quem vem de fora e quer uma experi\u00eancia completa, temos uma parceria de hospedagem com a aconchegante Pousada da Oma, pr\u00f3xima ao local do curso. (Hospedagem n\u00e3o inclusa no valor da oficina. Reserve diretamente pelo WhatsApp: 12 99263-0019).<\/p>\n","protected":false},"excerpt":{"rendered":"<p>Eleve o n\u00edvel da sua produ\u00e7\u00e3o cer\u00e2mica mergulhando na tradi\u00e7\u00e3o de Cunha. Nesta imers\u00e3o t\u00e9cnica e pr\u00e1tica, voc\u00ea vai dominar a alquimia dos esmaltes de cinzas para fornos a g\u00e1s de alta temperatura (1300\u00baC). Uma oportunidade rara de vivenciar o ciclo completo da cer\u00e2mica autoral, acompanhando desde a coleta das cinzas na natureza at\u00e9 a [&hellip;]<\/p>\n","protected":false},"featured_media":280,"comment_status":"open","ping_status":"closed","template":"","meta":{"_acf_changed":false,"inline_featured_image":false},"product_brand":[],"product_cat":[43],"product_tag":[],"class_list":{"0":"post-279","1":"product","2":"type-product","3":"status-publish","4":"has-post-thumbnail","6":"product_cat-intermediario","8":"first","9":"instock","10":"downloadable","11":"virtual","12":"purchasable","13":"product-type-simple"},"acf":{"data_de_inicio":"20260528","data_de_termino":"20260601","horario_de_inicio":"09:00:00","horario_de_termino":"17:00:00","observacoes_datas":"","duracao":"5 dias","requisitos":"Preferencialmente, que j\u00e1 conhe\u00e7a o processos b\u00e1sicos da cer\u00e2mica.","nome_do_endereco":"Ateli\u00ea Cosmos","rua":"Pousada da Oma, Km 2","numero":"","bairro":"Paraibuna","link_google_maps":"https:\/\/maps.app.goo.gl\/bPEfSSBWZ1UCWYA17","facilitador":[237],"observacoes_oficina":""},"aioseo_notices":[],"_links":{"self":[{"href":"https:\/\/ficcunha.com.br\/oficinas\/wp-json\/wp\/v2\/product\/279","targetHints":{"allow":["GET"]}}],"collection":[{"href":"https:\/\/ficcunha.com.br\/oficinas\/wp-json\/wp\/v2\/product"}],"about":[{"href":"https:\/\/ficcunha.com.br\/oficinas\/wp-json\/wp\/v2\/types\/product"}],"replies":[{"embeddable":true,"href":"https:\/\/ficcunha.com.br\/oficinas\/wp-json\/wp\/v2\/comments?post=279"}],"acf:post":[{"embeddable":true,"href":"https:\/\/ficcunha.com.br\/oficinas\/wp-json\/wp\/v2\/facilitador\/237"}],"wp:featuredmedia":[{"embeddable":true,"href":"https:\/\/ficcunha.com.br\/oficinas\/wp-json\/wp\/v2\/media\/280"}],"wp:attachment":[{"href":"https:\/\/ficcunha.com.br\/oficinas\/wp-json\/wp\/v2\/media?parent=279"}],"wp:term":[{"taxonomy":"product_brand","embeddable":true,"href":"https:\/\/ficcunha.com.br\/oficinas\/wp-json\/wp\/v2\/product_brand?post=279"},{"taxonomy":"product_cat","embeddable":true,"href":"https:\/\/ficcunha.com.br\/oficinas\/wp-json\/wp\/v2\/product_cat?post=279"},{"taxonomy":"product_tag","embeddable":true,"href":"https:\/\/ficcunha.com.br\/oficinas\/wp-json\/wp\/v2\/product_tag?post=279"}],"curies":[{"name":"wp","href":"https:\/\/api.w.org\/{rel}","templated":true}]}}