{"id":401,"date":"2026-04-15T14:46:19","date_gmt":"2026-04-15T14:46:19","guid":{"rendered":"https:\/\/ficcunha.com.br\/oficinas\/?post_type=product&#038;p=401"},"modified":"2026-04-24T14:58:24","modified_gmt":"2026-04-24T14:58:24","slug":"mascaras-de-ceramicas","status":"publish","type":"product","link":"https:\/\/ficcunha.com.br\/oficinas\/product\/mascaras-de-ceramicas\/","title":{"rendered":"M\u00e1scaras de Cer\u00e2mica"},"content":{"rendered":"<p>Qual rosto sua criatividade tem? Nesta oficina conduzida pelo Est\u00fadio Libero, mergulhamos no universo das m\u00e1scaras para explorar a cer\u00e2mica al\u00e9m do utilit\u00e1rio. \u00c9 o momento de transformar refer\u00eancias pessoais, sonhos e mem\u00f3rias em uma pe\u00e7a escult\u00f3rica \u00fanica e cheia de significado.<\/p>\n<p>O que voc\u00ea vai desenvolver:<\/p>\n<p>Atrav\u00e9s da modelagem manual, voc\u00ea aprender\u00e1 a dar volume e express\u00e3o ao barro, criando tra\u00e7os e formas que refletem seu pr\u00f3prio repert\u00f3rio.<\/p>\n<p>O Est\u00fadio Libero compartilha seu m\u00e9todo escult\u00f3rico, orientando voc\u00ea desde a estrutura b\u00e1sica at\u00e9 os detalhes que d\u00e3o &#8220;vida&#8221; e personalidade \u00e0 m\u00e1scara.<\/p>\n<p>Mais do que uma aula t\u00e9cnica, \u00e9 um exerc\u00edcio de autodescoberta atrav\u00e9s da argila.<\/p>\n","protected":false},"excerpt":{"rendered":"<p>Qual rosto sua criatividade tem? Nesta oficina conduzida pelo Est\u00fadio Libero, mergulhamos no universo das m\u00e1scaras para explorar a cer\u00e2mica al\u00e9m do utilit\u00e1rio. \u00c9 o momento de transformar refer\u00eancias pessoais, sonhos e mem\u00f3rias em uma pe\u00e7a escult\u00f3rica \u00fanica e cheia de significado. O que voc\u00ea vai desenvolver: Atrav\u00e9s da modelagem manual, voc\u00ea aprender\u00e1 a dar [&hellip;]<\/p>\n","protected":false},"featured_media":402,"comment_status":"open","ping_status":"closed","template":"","meta":{"_acf_changed":false,"inline_featured_image":false},"product_brand":[],"product_cat":[44,42,43,49],"product_tag":[],"class_list":{"0":"post-401","1":"product","2":"type-product","3":"status-publish","4":"has-post-thumbnail","6":"product_cat-avancado","7":"product_cat-iniciante","8":"product_cat-intermediario","9":"product_cat-publico-geral","11":"first","12":"instock","13":"downloadable","14":"virtual","15":"purchasable","16":"product-type-simple"},"acf":{"data_de_inicio":"20260605","data_de_termino":null,"horario_de_inicio":"12:00:00","horario_de_termino":"16:00:00","observacoes_datas":"","duracao":"4 horas","requisitos":"Indicado para todos os n\u00edveis - de quem est\u00e1 come\u00e7ando agora a ceramistas que buscam expandir sua linguagem escult\u00f3rica","nome_do_endereco":"Centro Cultural Elias Jos\u00e9 Abdalla - Cinema de Cunha","rua":"Rua Dom Lino, em frente ao Mercado Municipal","numero":"","bairro":"Centro","link_google_maps":"https:\/\/maps.app.goo.gl\/BjeYP4G7FFVmMYZg6","facilitador":[399],"observacoes_oficina":""},"aioseo_notices":[],"_links":{"self":[{"href":"https:\/\/ficcunha.com.br\/oficinas\/wp-json\/wp\/v2\/product\/401","targetHints":{"allow":["GET"]}}],"collection":[{"href":"https:\/\/ficcunha.com.br\/oficinas\/wp-json\/wp\/v2\/product"}],"about":[{"href":"https:\/\/ficcunha.com.br\/oficinas\/wp-json\/wp\/v2\/types\/product"}],"replies":[{"embeddable":true,"href":"https:\/\/ficcunha.com.br\/oficinas\/wp-json\/wp\/v2\/comments?post=401"}],"acf:post":[{"embeddable":true,"href":"https:\/\/ficcunha.com.br\/oficinas\/wp-json\/wp\/v2\/facilitador\/399"}],"wp:featuredmedia":[{"embeddable":true,"href":"https:\/\/ficcunha.com.br\/oficinas\/wp-json\/wp\/v2\/media\/402"}],"wp:attachment":[{"href":"https:\/\/ficcunha.com.br\/oficinas\/wp-json\/wp\/v2\/media?parent=401"}],"wp:term":[{"taxonomy":"product_brand","embeddable":true,"href":"https:\/\/ficcunha.com.br\/oficinas\/wp-json\/wp\/v2\/product_brand?post=401"},{"taxonomy":"product_cat","embeddable":true,"href":"https:\/\/ficcunha.com.br\/oficinas\/wp-json\/wp\/v2\/product_cat?post=401"},{"taxonomy":"product_tag","embeddable":true,"href":"https:\/\/ficcunha.com.br\/oficinas\/wp-json\/wp\/v2\/product_tag?post=401"}],"curies":[{"name":"wp","href":"https:\/\/api.w.org\/{rel}","templated":true}]}}